{"id":23,"date":"2022-03-20T17:22:35","date_gmt":"2022-03-20T17:22:35","guid":{"rendered":"http:\/\/localhost\/wordpress\/?page_id=23"},"modified":"2022-03-22T19:02:47","modified_gmt":"2022-03-22T19:02:47","slug":"mengore-apartments-slovenscina","status":"publish","type":"page","link":"https:\/\/mengore.com\/?page_id=23&lang=sl","title":{"rendered":"Mengore apartments &#8211; Sloven\u0161\u010dina"},"content":{"rendered":"\n<p>V Vol\u010dah v neposredni bli\u017eini Tolmina vam ponujamo v najem tri svetle, udobne in prostorne apartmaje v novozgrajeni stavbi. Vsak apartma je stilsko opremljen v zna\u010dilnem slogu. Vsi apartmaji so klimatizirani in s polno opremljeno kuhinjo. Vsak apartma ima balkon  z razgledom na dolino in okoli\u0161ko hribovje. Na vrtu so klopi in prostor za \u017ear. Pred objektom so parkirna mesta. Na voljo je brezpla\u010den WIFI internet.<\/p>\n\n\n\n<div class=\"wp-block-columns is-layout-flex wp-container-core-columns-is-layout-28f84493 wp-block-columns-is-layout-flex\">\n<div class=\"wp-block-column is-vertically-aligned-center is-layout-flow wp-block-column-is-layout-flow\">\n<p><a href=\"https:\/\/mengore.com\/?page_id=133&amp;lang=sl\" data-type=\"page\" data-id=\"133\">Apartma Pode\u017eelje<\/a> se nahaja v drugem nadstropju. Svetel in prostoren apartma ima 2 spalnici s po dvema posteljama ter raztegljivi kav\u010d z mo\u017enostjo le\u017ei\u0161\u010da za dve osebi. Polno opremljena kuhinja, kopalnica, lo\u010deno strani\u0161\u010de in dnevna soba z internet TV.<\/p>\n<\/div>\n\n\n\n<div class=\"wp-block-column is-layout-flow wp-block-column-is-layout-flow\">\n<figure class=\"wp-block-image size-full\"><a href=\"https:\/\/mengore.com\/?page_id=133&amp;lang=sl\"><img loading=\"lazy\" decoding=\"async\" width=\"300\" height=\"200\" src=\"https:\/\/mengore.com\/wp-content\/uploads\/2022\/03\/ap-country.jpg\" alt=\"\" class=\"wp-image-76\"\/><\/a><\/figure>\n<\/div>\n<\/div>\n\n\n\n<div class=\"wp-block-columns is-layout-flex wp-container-core-columns-is-layout-28f84493 wp-block-columns-is-layout-flex\">\n<div class=\"wp-block-column is-vertically-aligned-center is-layout-flow wp-block-column-is-layout-flow\">\n<p><a href=\"https:\/\/mengore.com\/?page_id=152&amp;lang=sl\" data-type=\"page\" data-id=\"152\">Apartma Provansa<\/a> se nahaja v prvem nadstropju. Opremljen je v provansalskem slogu, ima 2 spalnici s po dvema posteljama ter raztegljivi kav\u010d z mo\u017enostjo le\u017ei\u0161\u010da za dve osebi. Polno opremljena kuhinja, kopalnica, lo\u010deno strani\u0161\u010de in dnevna soba z internet TV.<\/p>\n<\/div>\n\n\n\n<div class=\"wp-block-column is-layout-flow wp-block-column-is-layout-flow\">\n<figure class=\"wp-block-image size-full\"><a href=\"https:\/\/mengore.com\/?page_id=152&amp;lang=sl\"><img loading=\"lazy\" decoding=\"async\" width=\"300\" height=\"200\" src=\"https:\/\/mengore.com\/wp-content\/uploads\/2022\/03\/ap-provence.jpg\" alt=\"\" class=\"wp-image-75\"\/><\/a><\/figure>\n<\/div>\n<\/div>\n\n\n\n<div class=\"wp-block-columns is-layout-flex wp-container-core-columns-is-layout-28f84493 wp-block-columns-is-layout-flex\">\n<div class=\"wp-block-column is-vertically-aligned-center is-layout-flow wp-block-column-is-layout-flow\">\n<p><a href=\"https:\/\/mengore.com\/?page_id=157&amp;lang=sl\" data-type=\"page\" data-id=\"157\">Apartma Eleganca<\/a> se nahaja v pritli\u010dju. Elegantno opremljen apartma ima eno spalnico z dvema posteljama ter raztegljivi kav\u010d z mo\u017enostjo le\u017ei\u0161\u010da za dve osebi. Polno opremljena kuhinja, kopalnica, lo\u010deno strani\u0161\u010de in dnevna soba z internet TV.<\/p>\n<\/div>\n\n\n\n<div class=\"wp-block-column is-layout-flow wp-block-column-is-layout-flow\">\n<figure class=\"wp-block-image size-full\"><a href=\"https:\/\/mengore.com\/?page_id=157&amp;lang=sl\"><img loading=\"lazy\" decoding=\"async\" width=\"300\" height=\"200\" src=\"https:\/\/mengore.com\/wp-content\/uploads\/2022\/03\/ap-elegance.jpg\" alt=\"\" class=\"wp-image-74\"\/><\/a><\/figure>\n<\/div>\n<\/div>\n","protected":false},"excerpt":{"rendered":"<p>V Vol\u010dah v neposredni bli\u017eini Tolmina vam ponujamo v najem tri svetle, udobne in prostorne apartmaje v novozgrajeni stavbi. Vsak apartma je stilsko opremljen v zna\u010dilnem slogu. Vsi apartmaji so klimatizirani in s polno opremljeno kuhinjo. Vsak apartma ima balkon z razgledom na dolino in okoli\u0161ko hribovje. Na vrtu so klopi in prostor za \u017ear. [&hellip;]<\/p>\n","protected":false},"author":1,"featured_media":0,"parent":0,"menu_order":0,"comment_status":"closed","ping_status":"closed","template":"","meta":{"_uag_custom_page_level_css":"","footnotes":""},"class_list":["post-23","page","type-page","status-publish","hentry"],"blocksy_meta":{"styles_descriptor":{"styles":{"desktop":"","tablet":"","mobile":""},"google_fonts":[],"version":6}},"uagb_featured_image_src":{"full":false,"thumbnail":false,"medium":false,"medium_large":false,"large":false,"1536x1536":false,"2048x2048":false},"uagb_author_info":{"display_name":"ezmengore","author_link":"https:\/\/mengore.com\/?author=1"},"uagb_comment_info":0,"uagb_excerpt":"V Vol\u010dah v neposredni bli\u017eini Tolmina vam ponujamo v najem tri svetle, udobne in prostorne apartmaje v novozgrajeni stavbi. Vsak apartma je stilsko opremljen v zna\u010dilnem slogu. Vsi apartmaji so klimatizirani in s polno opremljeno kuhinjo. Vsak apartma ima balkon z razgledom na dolino in okoli\u0161ko hribovje. Na vrtu so klopi in prostor za \u017ear.&hellip;","_links":{"self":[{"href":"https:\/\/mengore.com\/index.php?rest_route=\/wp\/v2\/pages\/23","targetHints":{"allow":["GET"]}}],"collection":[{"href":"https:\/\/mengore.com\/index.php?rest_route=\/wp\/v2\/pages"}],"about":[{"href":"https:\/\/mengore.com\/index.php?rest_route=\/wp\/v2\/types\/page"}],"author":[{"embeddable":true,"href":"https:\/\/mengore.com\/index.php?rest_route=\/wp\/v2\/users\/1"}],"replies":[{"embeddable":true,"href":"https:\/\/mengore.com\/index.php?rest_route=%2Fwp%2Fv2%2Fcomments&post=23"}],"version-history":[{"count":5,"href":"https:\/\/mengore.com\/index.php?rest_route=\/wp\/v2\/pages\/23\/revisions"}],"predecessor-version":[{"id":215,"href":"https:\/\/mengore.com\/index.php?rest_route=\/wp\/v2\/pages\/23\/revisions\/215"}],"wp:attachment":[{"href":"https:\/\/mengore.com\/index.php?rest_route=%2Fwp%2Fv2%2Fmedia&parent=23"}],"curies":[{"name":"wp","href":"https:\/\/api.w.org\/{rel}","templated":true}]}}