{"id":152,"date":"2022-03-22T13:07:29","date_gmt":"2022-03-22T13:07:29","guid":{"rendered":"http:\/\/localhost\/wordpress\/?page_id=152"},"modified":"2022-03-22T16:56:40","modified_gmt":"2022-03-22T16:56:40","slug":"apartma-provansa","status":"publish","type":"page","link":"https:\/\/mengore.com\/?page_id=152&lang=sl","title":{"rendered":"Apartma Provansa"},"content":{"rendered":"\n<div class=\"wp-block-columns is-layout-flex wp-container-core-columns-is-layout-28f84493 wp-block-columns-is-layout-flex\">\n<div class=\"wp-block-column is-vertically-aligned-center is-layout-flow wp-block-column-is-layout-flow\">\n<p>Dnevna soba je opremljena z udobnimi fotelji in velikim kav\u010dem, ki se raztegne v udobno posteljo dimenzije 160 x 200cm. Velika 42&#8243; LCD TV omogo\u010da spremljanje internet TV programov, ima pa tudi USB vhod za predvajanje va\u0161ih multimedijskih vsebin.<\/p>\n<\/div>\n\n\n\n<div class=\"wp-block-column is-layout-flow wp-block-column-is-layout-flow\">\n<figure class=\"wp-block-image size-full\"><img loading=\"lazy\" decoding=\"async\" width=\"450\" height=\"300\" src=\"https:\/\/mengore.com\/wp-content\/uploads\/2022\/03\/dnevna-mala-1.jpg\" alt=\"\" class=\"wp-image-106\" srcset=\"https:\/\/mengore.com\/wp-content\/uploads\/2022\/03\/dnevna-mala-1.jpg 450w, https:\/\/mengore.com\/wp-content\/uploads\/2022\/03\/dnevna-mala-1-300x200.jpg 300w\" sizes=\"auto, (max-width: 450px) 100vw, 450px\" \/><\/figure>\n<\/div>\n<\/div>\n\n\n\n<div class=\"wp-block-columns is-layout-flex wp-container-core-columns-is-layout-28f84493 wp-block-columns-is-layout-flex\">\n<div class=\"wp-block-column is-vertically-aligned-center is-layout-flow wp-block-column-is-layout-flow\">\n<p>Kuhinja je opremljena z vsem potrebnim, da se boste po\u010dutili kot doma. Hladilnik, pe\u010dica, kuhalne plo\u0161\u010de, pomivalni stroj, mikrovalovna pe\u010dica, kavni aparat, opeka\u010d kruha. Seveda boste v kuhinji na\u0161li tudi posodo in jedilni pribor.<\/p>\n<\/div>\n\n\n\n<div class=\"wp-block-column is-layout-flow wp-block-column-is-layout-flow\">\n<figure class=\"wp-block-image size-full\"><img loading=\"lazy\" decoding=\"async\" width=\"450\" height=\"300\" src=\"https:\/\/mengore.com\/wp-content\/uploads\/2022\/03\/kuhinja-mala-1.jpg\" alt=\"\" class=\"wp-image-108\" srcset=\"https:\/\/mengore.com\/wp-content\/uploads\/2022\/03\/kuhinja-mala-1.jpg 450w, https:\/\/mengore.com\/wp-content\/uploads\/2022\/03\/kuhinja-mala-1-300x200.jpg 300w\" sizes=\"auto, (max-width: 450px) 100vw, 450px\" \/><\/figure>\n<\/div>\n<\/div>\n\n\n\n<div class=\"wp-block-columns is-layout-flex wp-container-core-columns-is-layout-28f84493 wp-block-columns-is-layout-flex\">\n<div class=\"wp-block-column is-vertically-aligned-center is-layout-flow wp-block-column-is-layout-flow\">\n<p>V veliki spalnici sta dve udobni postelji dimenzij 200 x 120cm, ki bosta poskrbeli za va\u0161 po\u010ditek. Postelji je mo\u017eno lo\u010diti.<\/p>\n<\/div>\n\n\n\n<div class=\"wp-block-column is-layout-flow wp-block-column-is-layout-flow\">\n<figure class=\"wp-block-image size-full\"><img loading=\"lazy\" decoding=\"async\" width=\"450\" height=\"300\" src=\"https:\/\/mengore.com\/wp-content\/uploads\/2022\/03\/spalnica1-mala-1.jpg\" alt=\"\" class=\"wp-image-109\" srcset=\"https:\/\/mengore.com\/wp-content\/uploads\/2022\/03\/spalnica1-mala-1.jpg 450w, https:\/\/mengore.com\/wp-content\/uploads\/2022\/03\/spalnica1-mala-1-300x200.jpg 300w\" sizes=\"auto, (max-width: 450px) 100vw, 450px\" \/><\/figure>\n<\/div>\n<\/div>\n\n\n\n<div class=\"wp-block-columns is-layout-flex wp-container-core-columns-is-layout-28f84493 wp-block-columns-is-layout-flex\">\n<div class=\"wp-block-column is-vertically-aligned-center is-layout-flow wp-block-column-is-layout-flow\">\n<p>V drugi spalnici sta dve postelji dimenzij 200 x 90cm, ki ju je mo\u017eno lo\u010diti.<\/p>\n<\/div>\n\n\n\n<div class=\"wp-block-column is-layout-flow wp-block-column-is-layout-flow\">\n<figure class=\"wp-block-image size-full\"><img loading=\"lazy\" decoding=\"async\" width=\"450\" height=\"300\" src=\"https:\/\/mengore.com\/wp-content\/uploads\/2022\/03\/spalnica2-mala-1.jpg\" alt=\"\" class=\"wp-image-110\" srcset=\"https:\/\/mengore.com\/wp-content\/uploads\/2022\/03\/spalnica2-mala-1.jpg 450w, https:\/\/mengore.com\/wp-content\/uploads\/2022\/03\/spalnica2-mala-1-300x200.jpg 300w\" sizes=\"auto, (max-width: 450px) 100vw, 450px\" \/><\/figure>\n<\/div>\n<\/div>\n\n\n\n<div class=\"wp-block-columns is-layout-flex wp-container-core-columns-is-layout-28f84493 wp-block-columns-is-layout-flex\">\n<div class=\"wp-block-column is-vertically-aligned-center is-layout-flow wp-block-column-is-layout-flow\">\n<p>Kopalnica s pralno su\u0161ilnim strojem.<\/p>\n<\/div>\n\n\n\n<div class=\"wp-block-column is-layout-flow wp-block-column-is-layout-flow\">\n<figure class=\"wp-block-image size-full\"><img loading=\"lazy\" decoding=\"async\" width=\"300\" height=\"450\" src=\"https:\/\/mengore.com\/wp-content\/uploads\/2022\/03\/kopalnica-mala-1.jpg\" alt=\"\" class=\"wp-image-107\" srcset=\"https:\/\/mengore.com\/wp-content\/uploads\/2022\/03\/kopalnica-mala-1.jpg 300w, https:\/\/mengore.com\/wp-content\/uploads\/2022\/03\/kopalnica-mala-1-200x300.jpg 200w\" sizes=\"auto, (max-width: 300px) 100vw, 300px\" \/><\/figure>\n<\/div>\n<\/div>\n\n\n\n<div class=\"wp-block-columns is-layout-flex wp-container-core-columns-is-layout-28f84493 wp-block-columns-is-layout-flex\">\n<div class=\"wp-block-column is-vertically-aligned-center is-layout-flow wp-block-column-is-layout-flow\">\n<p>Strani\u0161\u010de je lo\u010deno.<\/p>\n<\/div>\n\n\n\n<div class=\"wp-block-column is-layout-flow wp-block-column-is-layout-flow\">\n<figure class=\"wp-block-image size-full\"><img loading=\"lazy\" decoding=\"async\" width=\"300\" height=\"450\" src=\"https:\/\/mengore.com\/wp-content\/uploads\/2022\/03\/wc-mala-1.jpg\" alt=\"\" class=\"wp-image-111\" srcset=\"https:\/\/mengore.com\/wp-content\/uploads\/2022\/03\/wc-mala-1.jpg 300w, https:\/\/mengore.com\/wp-content\/uploads\/2022\/03\/wc-mala-1-200x300.jpg 200w\" sizes=\"auto, (max-width: 300px) 100vw, 300px\" \/><\/figure>\n<\/div>\n<\/div>\n","protected":false},"excerpt":{"rendered":"<p>Dnevna soba je opremljena z udobnimi fotelji in velikim kav\u010dem, ki se raztegne v udobno posteljo dimenzije 160 x 200cm. Velika 42&#8243; LCD TV omogo\u010da spremljanje internet TV programov, ima pa tudi USB vhod za predvajanje va\u0161ih multimedijskih vsebin. Kuhinja je opremljena z vsem potrebnim, da se boste po\u010dutili kot doma. Hladilnik, pe\u010dica, kuhalne plo\u0161\u010de, [&hellip;]<\/p>\n","protected":false},"author":1,"featured_media":0,"parent":0,"menu_order":0,"comment_status":"closed","ping_status":"closed","template":"","meta":{"_uag_custom_page_level_css":"","footnotes":""},"class_list":["post-152","page","type-page","status-publish","hentry"],"blocksy_meta":{"styles_descriptor":{"styles":{"desktop":"","tablet":"","mobile":""},"google_fonts":[],"version":6}},"uagb_featured_image_src":{"full":false,"thumbnail":false,"medium":false,"medium_large":false,"large":false,"1536x1536":false,"2048x2048":false},"uagb_author_info":{"display_name":"ezmengore","author_link":"https:\/\/mengore.com\/?author=1"},"uagb_comment_info":0,"uagb_excerpt":"Dnevna soba je opremljena z udobnimi fotelji in velikim kav\u010dem, ki se raztegne v udobno posteljo dimenzije 160 x 200cm. Velika 42&#8243; LCD TV omogo\u010da spremljanje internet TV programov, ima pa tudi USB vhod za predvajanje va\u0161ih multimedijskih vsebin. Kuhinja je opremljena z vsem potrebnim, da se boste po\u010dutili kot doma. Hladilnik, pe\u010dica, kuhalne plo\u0161\u010de,&hellip;","_links":{"self":[{"href":"https:\/\/mengore.com\/index.php?rest_route=\/wp\/v2\/pages\/152","targetHints":{"allow":["GET"]}}],"collection":[{"href":"https:\/\/mengore.com\/index.php?rest_route=\/wp\/v2\/pages"}],"about":[{"href":"https:\/\/mengore.com\/index.php?rest_route=\/wp\/v2\/types\/page"}],"author":[{"embeddable":true,"href":"https:\/\/mengore.com\/index.php?rest_route=\/wp\/v2\/users\/1"}],"replies":[{"embeddable":true,"href":"https:\/\/mengore.com\/index.php?rest_route=%2Fwp%2Fv2%2Fcomments&post=152"}],"version-history":[{"count":3,"href":"https:\/\/mengore.com\/index.php?rest_route=\/wp\/v2\/pages\/152\/revisions"}],"predecessor-version":[{"id":201,"href":"https:\/\/mengore.com\/index.php?rest_route=\/wp\/v2\/pages\/152\/revisions\/201"}],"wp:attachment":[{"href":"https:\/\/mengore.com\/index.php?rest_route=%2Fwp%2Fv2%2Fmedia&parent=152"}],"curies":[{"name":"wp","href":"https:\/\/api.w.org\/{rel}","templated":true}]}}